 -k**4/8 + 3*k**3 - 558*k**2. Determine y(l).
-3
Suppose 16*m = 12*m + 36. Let g(x) = -m*x - 2*x + 8*x - 7*x - 6*x. Determine g(1).
-16
Let t(z) = z**3 + 6*z**2 - 6. Let v(w) = 3*w**3 - 30*w**2 - 29*w - 49. Let b be v(11). What is t(b)?
19
Let p(q) = q**3 + 6*q**2 - q - 8. Suppose 8*z = 23*z - 270. Let h be z/(-24) + -3 + 45/(-20). Calculate p(h).
-2
Let h(x) = x**3 - 85*x**2 - 1274*x + 4. Let g be h(-13). Let u(p) = -12*p + 10. What is u(g)?
-38
Let x(k) = -4*k**2 - 4*k - 4. Let o(i) = -9*i**2 - 8*i - 9. Let a(j) = 3*j + 19. Let b be a(-4). Let n(d) = b*x(d) - 3*o(d). Give n(-4).
-1
Let y(i) = -i**3 + 15*i**2 + 14*i + 10. Let u(o) = -69*o - 2882. Let x be u(-42). Calculate y(x).
-22
Let k(w) = 10*w**2 + 3*w - 20. Let j(d) = -15*d - 37. Let x be j(-2). Let i(v) = 3*v**2 + v - 6. Let f(g) = x*i(g) + 2*k(g). Determine f(5).
-28
Suppose 3*c - 3 = -0*c. Let u(v) = -7102635150 + 7102635150 - 12*v. Determine u(c).
-12
Let p(j) = j**2 - 9*j - 13. Let h = 106 - 107. Let k be h/(4/8) + (-2 - -13). Calculate p(k).
-13
Let i(s) = -s + 17. Let x(k) = 10*k - 103. Let t(d) = -4*i(d) - x(d). What is t(6)?
-1
Let f(u) = u**3 + u**2 - 3*u. Let t be f(-2). Let j(k) = -490 + 2*k**t + 241 - k**2 + 243 - 3*k. What is j(-4)?
22
Let z(f) = f**3 - 2*f**2 - 4*f - 5. Suppose -4*l + 5*v = 34, -10 + 30 = 4*l + 4*v. Calculate z(l).
-4
Let t(a) = -6*a - 1. Let c(i) = -21*i + 3. Let k(g) = c(g) - 4*t(g). Give k(2).
13
Let d(n) = 67490*n - 31 - 67494*n + 1. What is d(-5)?
-10
Suppose 0 = -z + 6. Suppose -z*y + 14 = -5*y. Suppose 2*i = 4*i - y. Let g(o) = -o**3 + 6*o**2 + 7*o + 3. What is g(i)?
3
Suppose 0*n - 3*n + 32 = 5*h, -2*h = 5*n - 28. Suppose 2*r - h + 0 = 0. Let c(z) = 3*z - 8*z - 1 + 0*z. What is c(r)?
-11
Suppose -78 = -3*k - 12. Let n be (8 - k)*1/2. Let h(l) be the first derivative of -3*l**2/2 - 9*l + 31. What is h(n)?
12
Let y = 968 - 974. Let s(b) = -b**3 - 7*b**2 + 14*b + 122. Give s(y).
2
Let t(b) be the third derivative of -7*b**4/24 + 2*b**3/3 + 4*b**2 - 14. Calculate t(5).
-31
Let v(o) = -o**3 - 18*o**2 + 2. Suppose 0 = -9*k - 139 + 157. Suppose -110 = 5*f + 5*w, f - 4*w = -k*w - 10. Determine v(f).
2
Suppose 15*l - 10*l - 10 = 0. Let p(h) = 6 - h**3 + 2*h**3 - 8*h**2 + 11*h + 3 - l. Let u be p(6). Let s(m) = 3*m**3. Calculate s(u).
3
Let w(t) = -t**3 + 8*t**2 - 8*t - 2. Suppose 5*k + 4*a - 22 = 0, 3*a = -2*k - 9 + 22. Suppose 5*o = 2*n + 39, 8*o = 4*o - k*n + 24. Calculate w(o).
-9
Let u(m) = -m - 2 - 2*m**3 - 4*m**2 + 3 + 7*m**2. Let k(g) = g**3 + g**2 + 23*g - 23. Let f be k(1). Calculate u(f).
-5
Suppose p = 5*c - 23, p + 3*c + 13 = 6*c. Let i(s) = 7 - s**p + 15*s - 2 - 5*s. Let u(m) = -7*m - 158. Let l be u(-24). Calculate i(l).
5
Let d(m) be the second derivative of -m**5/20 - m**4/2 - 2*m**3/3 - 2*m**2 + m. Suppose 2*q + 16 = 44*s - 48*s, 0 = 3*s + 5*q + 5. Give d(s).
-9
Let g(t) = -t**2 - 18*t. Let o(j) = -12*j**2 - 53*j + 2. Let k(h) = 3*g(h) - o(h). Suppose -5*y - 2 = -2*b + 17, -4 = b + 2*y. Calculate k(b).
32
Let c = 4296 + -4306. Let m(p) = -3 + 9 - 10*p + 1 - p**2. Calculate m(c).
7
Let h(f) be the third derivative of -f**5/60 + 13*f**4/24 - 2*f**3 + 89*f**2. Suppose -3*l - 21 + 57 = 0. Give h(l).
0
Let u(s) = 2*s**3 + s**2 - 2*s + 2. Suppose h - 12 = -3*h + 4*o, 3*o + 11 = 5*h. Calculate u(h).
3
Let v(c) = -4*c**3 - c**2 + 5*c - 5. Let q(h) = 61 - 12*h**3 + 52 - 127 - 3*h**2 + 14*h. Let y(k) = -6*q(k) + 17*v(k). Give y(1).
5
Let n(l) = l**3 + 13*l**2 + 16*l - 67. Let y(j) = 2*j**2 + 65*j - 564. Let g be y(7). Give n(g).
-1
Suppose -25*u - o + 27 = 0, -43*u + 46*u + 3 = 3*o. Let c(a) = -197*a**2 - a. Calculate c(u).
-198
Let p = -1661 + 1667. Let y(q) = 2*q**2 - 7*q - 37. Calculate y(p).
-7
Let c(y) = 257 - 7*y - 652 + 267. Determine c(-19).
5
Let y(p) = -p**2 + 7*p + 6. Let o be y(7). Let l(n) = 5*n - n**3 + 7*n**2 - 2*n**2 + 0*n**2 + 6. Give l(o).
0
Suppose -f + 1 + 4 = -3*y, 2*f + y = 17. Let l(o) = -82*o**2 + 24*o + 41. Let n(c) = -33*c**2 + 11*c + 20. Let v(p) = 2*l(p) - 5*n(p). What is v(f)?
-10
Suppose -4 = -2*b - 8. Let i(l) = -85*l - 27. Let w(h) = -47*h - 16. Let q(r) = 3*i(r) - 5*w(r). Give q(b).
39
Let i(o) = -o**3 - 14*o**2 + 16*o + 11. Let t(x) = 9*x**2 + 272*x + 45. Let y be t(-30). Give i(y).
-4
Let x(n) be the second derivative of n**5/20 + n**4/12 - 29*n**2/2 - 3096*n + 3. Let h(s) = -s - 1. Let y be h(-1). Give x(y).
-29
Let d(i) = i**3 + 12*i**2 + i + 14. Let w be d(-12). Let r(n) = -2*n**2 + w + 31*n**2 - 1. What is r(1)?
30
Suppose 1095 = 30*w - 25*w. Suppose 10*f + w = 13*f. Suppose -f = 4*h - 97. Let c(m) = m**3 - 5*m**2 - 5*m - 1. Determine c(h).
5
Suppose 5*c + b + 0 + 8 = 0, -12 = -3*c + 5*b. Let r(s) = 24*s + 5. Calculate r(c).
-19
Let z be -490*(-1 + -2)/3. Let u(h) = -8 + h**2 - 250*h + z*h - 243*h. Calculate u(6).
10
Suppose 10 = 7*u - 18. Let i(y) = 5*y + 8 - 4 - u. Suppose -f + 0 = a + 4, -f = 0. Calculate i(a).
-20
Suppose 4*t = -5*z + 91, 0 = t + 38*z - 37*z - 22. Let i(y) = y**2 - 19*y + 21. Give i(t).
21
Let t(f) = 65*f**2 - 189*f - 11. Let z be t(3). Let g(n) = 2*n + 42. Calculate g(z).
56
Let d be (453 - 5 - -5)*1. Let z = d + -465. Let h(o) = o**3 + 11*o**2 - 15*o - 13. Determine h(z).
23
Suppose 0 = 5*z + 2*l - 7, -3*z + 8*l - 2 = 3*l. Let m(t) = 12*t - 1. What is m(z)?
11
Let f(m) = -7*m**3 - 5*m**2 + 3*m - 18. Let j(u) = -u**3 - 2. Let y(v) = f(v) - 5*j(v). What is y(-5)?
102
Let m(n) = 348*n**3 + 2*n**2 + n. Let d be m(-1). Let a = d - -343. Let v(z) = -z**2 - 3*z + 2. What is v(a)?
-2
Suppose 3*o - 3*j = -1407, 3*o + j = -910 - 517. Let t = o - -467. Let p(n) = -n**2 - 7*n + 9. Give p(t).
9
Let t be 1104/(-32)*(-4)/(-6). Let o = -18 - 9. Let l = o - t. Let w(i) = -4*i - 1. Determine w(l).
15
Let i(d) = d - 5. Let q = 10 + 5. Suppose 2*n + z - q = 0, -4*z - 37 = -4*n + 11. Calculate i(n).
4
Let j(w) = -2*w**3 + 14*w**2 - 20*w + 3. Let l be j(5). Let k be (5/2 + l/(-2))*0. Let d(v) = 2 + 2*v - v + 0*v. Determine d(k).
2
Let k(m) = m**3 - 2*m**3 - 4*m**2 + 2*m**3 - m - 3. Let x(h) be the third derivative of h**4/8 + 8*h**3/3 - 17*h**2. Let u be x(-4). Give k(u).
-7
Let i(w) = 25*w**3 + 5*w**2 - w - 4. Let k be i(1). Let b(q) = q - 29. What is b(k)?
-4
Suppose -1128 = -13*m + 7*m. Let j = -194 + m. Let w(q) = -q + 6. Determine w(j).
12
Let o(w) = 14*w + 45. Let l(b) = 7*b + 26. Let m(k) = 9*l(k) - 5*o(k). What is m(2)?
-5
Let x(i) = -i**3 - 4*i**2 - 2*i + 3. Suppose 0 = p + 7, -38 = 4*d + 5*p + 17. What is x(d)?
38
Let a(n) be the first derivative of n**4/4 - n**3 + 3*n**2/2 - 5*n + 75746. Let w(u) = u**3 + 7*u**2 + 5*u - 4. Let t be w(-6). What is a(t)?
-3
Let c(a) be the first derivative of -2*a**2 + 158 - a**3 - 1/4*a**4 - 6*a. Determine c(-3).
6
Let w(h) be the second derivative of -2*h**3/3 + 2*h**2 + h. Suppose -15 = -139*y + 136*y, -2 = x - y. What is w(x)?
-8
Let v(d) = 373 + 3*d - 651 + 376. Calculate v(-17).
47
Let g(q) = -3*q**3 + 4*q**3 + 22*q - 7*q - 7*q + 35 - 12*q. What is g(0)?
35
Let u(i) = 5*i + 2. Let z = -1175 + 611. Let q be (1 + z/6)/(-1). Let x = -89 + q. Give u(x).
22
Let s(l) be the first derivative of -l**4/4 + 5*l**3/3 + 3*l**2 - 9*l + 8303. What is s(6)?
-9
Suppose 11*y + 1 = 584. Let q(o) = 3*o + y - 96 + 47 - 2*o. Calculate q(-3).
1
Suppose -2*k = -5*m + k + 172, m - 20 = -3*k. Let u(n) = 3 + n**2 + 62*n - 34*n - m*n. Give u(3).
0
Let m be 12/66 - -6*(-3)/99. Let c(d) be the second derivative of m - 4*d - 3/2*d**2 - 2/3*d**3. Determine c(-2).
5
Suppose -2*f = y - 15, -4*y - 4 - 1 = -5*f. Suppose 4*n = 3*h - 0*n + 14, 23 = -3*h - y*n. Let x(v) = 0*v**2 + 5*v**2 - 6 + v**3 + 0*v**2 - 6*v. Calculate x(h).
-6
Let d(a) = 3*a - 1. Let b(u) = -3*u - 744. Let l(c) = -b(c) - 5*d(c). Calculate l(63).
-7
Let u(y) = 12*y**2 + 16*y**2 + 14*y + 19 - 26*y**2 + 4*y - 7. Determine u(-7).
-16
Let u(k) = -3*k + 10. Suppose 3*t + 5 = -4*a + 42, 48 = 4*t + 5*a. Let d = -5591 + 5648. Suppose -58*x + d*x = -t. Give u(x).
-11
Let a(i) = 9*i**2 - 44*i - 12. Let q be a(5). Let f(b) = b**3 + 6*b**2 - 6*b - 3. Calculate f(q).
-10
Let r(x) = x**3 + x - 3. Suppose -z - 12 = 2*m - 7*m, 4*m - 24 = -4*z. Suppose 3*h + 4*k - 6 = -2, -4*h = -m*k + 3. What is r(h)?
-3
Let d(x) be the second derivative of 0 + x**3 + 5/2*x**2 - 1/12*x**4 + x. Suppose 0 = 141*v - 151*v + 60. Calculate d(v).
5
Suppose 100*